 g(d) = d**2 - d + 1. Give g(-2).
7
Let y(s) = s + 26. Determine y(9).
35
Let n(j) = -2*j**2 + 14*j - 15. What is n(10)?
-75
Let d(i) = -i + 49. Determine d(19).
30
Let b(d) = -d**2 - 11*d - 27. Determine b(-6).
3
Let t(a) = -a + 20. What is t(14)?
6
Let i(f) = -f + 12. Calculate i(13).
-1
Let t(u) = -u**3 + 27*u**2 + 2*u - 64. Determine t(27).
-10
Let c(i) = 2*i**2 + 18*i. What is c(-8)?
-16
Let n(u) = -u**3 - 6*u**2 + 13. Determine n(-6).
13
Let v(t) = -t**2 + t + 21. Calculate v(-6).
-21
Let n(m) = -m**2 + 11*m + 4. Determine n(10).
14
Let r(o) = -o**2 + 7. Give r(2).
3
Let j(x) = 4*x + 10. Calculate j(-4).
-6
Let f(j) = -j**2 - 14*j + 3. Give f(-15).
-12
Let l(b) = b**2 - 6*b + 4. Determine l(6).
4
Let d(r) = -5*r**3 - 1. Calculate d(1).
-6
Let q(o) = 2*o**2 - 34*o + 108. Calculate q(13).
4
Let k(p) = 6*p + 42. Calculate k(-4).
18
Let z(i) = i**3 + 6*i**2 + 2*i + 3. Give z(-6).
-9
Let c(d) = -d**2 - 6*d + 64. Determine c(5).
9
Let p(y) = -2*y + 15. Calculate p(4).
7
Let z(a) = -13*a - 94. Calculate z(-7).
-3
Let z(o) = -2*o - 27. Calculate z(-12).
-3
Let j(s) = s**2 + 7*s - 10. Determine j(-8).
-2
Let n(m) = m**2 - 12*m. Calculate n(12).
0
Let r(o) = -o**2 - 5*o - 3. What is r(-3)?
3
Let q(w) = w - 4. Give q(6).
2
Let p(q) = -4*q**3 - q**2 + q + 1. Calculate p(1).
-3
Let n(l) = -l**2 + 3*l. Give n(3).
0
Let j(x) = -10*x - 42. What is j(-13)?
88
Let r(t) = 2*t - 12. What is r(9)?
6
Let a(x) = -5*x**3 + x**2 + 5*x + 4. Calculate a(-1).
5
Let w(m) = -m**3 - 2*m - 7. Calculate w(0).
-7
Let c(b) = 2*b + 6. Determine c(9).
24
Let b(k) = k - 32. Calculate b(3).
-29
Let c(t) = -2*t - 10. What is c(-12)?
14
Let m(s) = -3*s - 18. Calculate m(-13).
21
Let u(r) = r**2 - 6*r - 12. Give u(-5).
43
Let q(f) = -10*f - 63. Give q(-5).
-13
Let u(s) = 3*s**2 - 31*s - 16. What is u(10)?
-26
Let q(k) = 5*k + 60. What is q(-11)?
5
Let p(q) = -q**3 + q**2 - 83. Calculate p(0).
-83
Let l(x) = x**3 - 7*x**2 + 7*x - 44. Determine l(7).
5
Let h(g) = g**3 - 31*g**2 + 2*g - 2. Calculate h(31).
60
Let g(c) = c - 22. Give g(14).
-8
Let n(d) = d**3 + 47*d**2 - 42*d + 285. Calculate n(-48).
-3
Let t(m) = m**3 - 10*m**2 + 31*m - 6. Give t(7).
64
Let m(s) = 15*s**2 - 11*s + 1. What is m(1)?
5
Let w(p) = -3*p - 6. What is w(-1)?
-3
Let q(d) = 28*d + 140. Determine q(-5).
0
Let s(y) = y**3 + 2*y**2 + 5*y + 19. Determine s(-3).
-5
Let x(m) = 11*m + 147. Give x(-12).
15
Let t(p) = 3*p + 27. What is t(-12)?
-9
Let h(s) = 2*s**3 - 22*s**2 + 18*s + 18. What is h(10)?
-2
Let k(y) = 9*y + 245. Determine k(-26).
11
Let f(p) = -p**3 - 6*p**2 - 5*p + 2. Calculate f(-5).
2
Let t(c) = 2*c**3 + 2*c**2 + 10*c + 7. Determine t(-2).
-21
Let q(j) = 7*j. Calculate q(-3).
-21
Let t(n) = -n**3 + 7*n**2 - 2*n + 15. What is t(7)?
1
Let n(m) = -7*m**3 - 1. What is n(-2)?
55
Let s(o) = -o**2 + 11*o + 15. What is s(9)?
33
Let q(h) = -11*h**3 + 2*h**2 - 3*h + 1. Determine q(1).
-11
Let o(g) = g**2 - 55*g + 750. Determine o(24).
6
Let c(u) = u**3 - 8*u**2 - 18*u - 6. Calculate c(10).
14
Let g(n) = n**2 - 7*n - 1. Calculate g(6).
-7
Let b(o) = -5*o + 52. Give b(11).
-3
Let s(z) = -z**3 - 2*z**2 + 35*z + 5. Determine s(5).
5
Let u(l) = 2*l**3 - 29*l**2 - 11*l - 63. Give u(15).
-3
Let l(g) = g**3 - 31*g**2 + 62*g - 38. Calculate l(29).
78
Let b(j) = -j**3 + 3*j**2 + 2*j - 4. What is b(3)?
2
Let n(s) = -s**3 - 32*s**2 + 33*s. Calculate n(-33).
0
Let h(q) = -q**3 - 6*q**2 - q - 7. Calculate h(-5).
-27
Let g(x) = x**3 - 3*x**2 - 10*x - 12. Calculate g(5).
-12
Let b(g) = -9*g**3 - g**2 - 3*g + 2. Determine b(-2).
76
Let j(a) = a**3 + 9*a**2 - 11*a. Determine j(-6).
174
Let m(w) = 6*w - 66. Give m(13).
12
Let a(j) = 9*j**2 + j + 3. Determine a(2).
41
Let d(z) = -z**2 + z + 9. Determine d(5).
-11
Let g(m) = -m**3 - 10*m**2 + 10*m - 3. Calculate g(-11).
8
Let i(o) = 3*o - 26. Calculate i(10).
4
Let s(j) = -3*j**3 + j**2 + j - 1. Calculate s(2).
-19
Let m(a) = -a**2 + 5*a + 4. What is m(6)?
-2
Let v(l) = -l**3 - 8*l**2 - 8*l + 6. Calculate v(-5).
-29
Let f(z) = -7*z + 13. What is f(6)?
-29
Let p(n) = -n**3 + 40*n**2 - 3. What is p(40)?
-3
Let p(l) = l**2 + 6*l + 3. Calculate p(-6).
3
Let d(s) = s**3 - 33*s**2 + 34*s - 38. Give d(32).
26
Let w(r) = 2*r**3 + 2*r**2 + 2*r - 4. Determine w(2).
24
Let f(r) = 10*r - 88. Determine f(9).
2
Let d(c) = -c**2 + 6*c - 17. Calculate d(7).
-24
Let u(r) = r**3 - 25*r**2 + 18*r + 50. Calculate u(24).
-94
Let l(a) = -2*a**2 + 7*a + 3. What is l(4)?
-1
Let y(g) = g**2 + 22*g + 56. Determine y(-19).
-1
Let t(c) = c**2 + 2*c - 3. Determine t(-2).
-3
Let y(f) = -2*f**2 + 2*f + 30. Calculate y(-6).
-54
Let w(r) = 8*r**2 - 8*r + 15. Give w(4).
111
Let z(d) = -d**2 - 8*d - 10. Determine z(-4).
6
Let i(q) = -q**2 - 10*q + 68. Determine i(-14).
12
Let f(l) = -l**3 + 7*l**2 - 2*l + 6. Determine f(6).
30
Let b(s) = 18*s**3 - 4*s**2 - 2*s + 3. What is b(2)?
127
Let p(l) = -l**2 + 6*l - 6. What is p(5)?
-1
Let z(k) = -12*k - 139. Give z(-11).
-7
Let l(b) = 8*b**2 + 3*b + 16. Determine l(-5).
201
Let b(j) = -j**3 + 14*j**2 - 33*j - 114. What is b(9)?
-6
Let a(n) = n**3 - 19*n**2 + 10*n + 18. What is a(18)?
-126
Let u(g) = g**2 + 21*g + 101. Determine u(-13).
-3
Let s(d) = 2*d**2 - 5*d + 1. Determine s(3).
4
Let h(m) = -10*m + 3. Determine h(-1).
13
Let a(i) = 6*i - 12. Calculate a(5).
18
Let m(i) = -i + 48. Determine m(39).
9
Let n(d) = -3*d + 36. Determine n(8).
12
Let c(j) = -j**2 - 9*j + 93. Calculate c(7).
-19
Let l(x) = -x**3 + 3*x**2 + 6*x + 6. Give l(6).
-66
Let a(j) = 6*j + 11. Calculate a(-2).
-1
Let v(b) = -b**3 - 12*b**2 - 20*b - 2. Calculate v(-10).
-2
Let c(x) = -x**3 + 8*x**2 + x - 58. Give c(7).
-2
Let y(a) = -42*a**2 + a + 1. Give y(-1).
-42
Let q(c) = -c**3 - 5*c**2 + 7*c + 1. Give q(-6).
-5
Let t(n) = n**3 + 12*n**2 + 15*n - 15. What is t(-11)?
-59
Let k(b) = -18*b**2 + b. What is k(1)?
-17
Let a(b) = b**3 - 5*b**2 + 3. Give a(5).
3
Let a(k) = 2*k**2 - 6*k + 4. Determine a(3).
4
Let c(f) = f**2 + 3*f + 13. Determine c(5).
53
Let d(h) = -12*h + 57. What is d(8)?
-39
Let p(r) = -20*r - 62. Calculate p(-3).
-2
Let s(g) = -3*g - 9. What is s(-4)?
3
Let l(w) = -3*w**2 - 28*w + 62. Give l(2).
-6
Let r(i) = i**3 - 33*i**2 + i - 32. Calculate r(33).
1
Let o(c) = 2*c + 16. Determine o(-4).
8
Let d(o) = o**3 - 9*o**2 + 20*o + 5. Give d(6).
17
Let n(t) = t**3 - 9*t**2 + 4*t + 2. What is n(8)?
-30
Let a(j) = -3*j + 8. Calculate a(8).
-16
Let j(m) = m**3 - 9*m**2 + 13*m - 15. Calculate j(7).
-22
Let u(y) = y**2 - 8*y + 2. Calculate u(3).
-13
Let m(s) = 2*s - 60. Give m(-13).
-86
Let v(p) = -p**2 + 2*p + 7. What is v(0)?
7
Let c(x) = -2*x**2 + 14. Calculate c(0).
14
Let q(z) = -z**3 - 10*z**2 - 9*z + 4. Calculate q(-4).
-56
Let y(p) = -p - 5. Calculate y(-3).
-2
Let x(l) = -3*l - 44. Calculate x(-16).
4
Let f(v) = 10*v + 1. What is f(-4)?
-39
Let w(l) = l**2 - 15*l + 58. Determine w(9).
4
Let y(s) = s**2 + 7*s + 3. Calculate y(-4).
-9
Let i(g) = -g**2 - 11*g - 12. Calculate i(-10).
-2
Let b(u) = u**2 + 2*u - 4. Determine b(2).
4
Let a(f) = -f**3 - 22*f**2 + 48*f + 4. Determine a(-24).
4
Let c(m) = -5*m - 5. What is c(-10)?
45
Let u(n) = 7*n**2 - 2*n - 19. Determine u(-3).
50
Let w(a) = 3*a**3 - 9*a**2 - 7*a + 20. Calculate w(3).
-1
Let s(l) = 4*l**2 - 44*l + 34. Determine s(10).
-6
Let q(y) = -8*y - 3. Determine q(3).
-27
Let n(u) = 2*u**2 - 9*u - 19. Calculate n(6).
-1
Let j(l) = -l**2 + 5*l + 5. Calculate j(-1).
-1
Let v(d) = -d - 10. What is v(5)?
-15
Let h(m) = -2*m + 9. Determine h(6).
-3
Let j(i) = 2*i**3 - 7. What is j(-3)?
-61
Let s(u) = 3*u**2 - 7*u + 8. What is s(2)?
6
Let z(k) = k**2 - 9*k + 36. Determine z(8).
28
Let x(m) = -m**3 + 6*m**2 + 5*m + 7. Give x(6).
37
Let r(i) = -6*i**3 - i**2 + i. Give r(1).
-6
Let f(s) = -34*s + 7. Determine f(3).
-95
Let i(l) = l - 10. What is i(4)?
-6
Let k(r) = r**2 + 4*r + 6. Calculate k(-7).
27
Let h(a) = a**2 + 8*a + 3. Calculate h(-7).
-4
Let i(j) = j**3 - 22*j**2 - 50*j + 54. What is i(24)?
6
Let y(p) = 2*p**2 - 13*p + 23. Determine y(2).
5
Let g(n) = -16*n. What is g(2)?
-32
Let c(q) = 2*q**2 - 4*q - 15. Calculate c(-3).
15
Let d(m) = 4*m - 30. Determine d(13).
22
Let m(b) = -2*b**2 - 6*b + 12. What is m(-4)?
4
Let l(k) = 19*k**3 + 7*k**2 + 4*k - 2. Give l(-1).
-18
Let f(l) = -l**3 + 6*l**2 - 3*l + 1. Determine f(3).
19
Let c(r) = 2*r